932843450?
True
Is 67919841 a multiple of 11?
True
Is 11 a factor of 100001743?
False
Does 14 divide 5075839489?
False
Is 539983547 a multiple of 232?
False
Is 64 a factor of 341300637?
False
Is 160363106 a multiple of 32?
False
Is 1157 a factor of 452292126?
True
Is 2105 a factor of 1344543909?
False
Does 36 divide 138424464?
True
Is 2584 a factor of 345261160?
True
Is 205745742 a multiple of 611?
False
Is 174 a factor of 31717764?
True
Is 2858054082 a multiple of 226?
True
Does 1034 divide 3918275790?
True
Is 28 a factor of 40244079?
False
Is 109634484 a multiple of 19?
True
Does 900 divide 232618500?
True
Does 11114 divide 1017995753?
False
Is 86279341 a multiple of 7589?
True
Is 1016849323 a multiple of 8481?
False
Is 23180667 a multiple of 3?
True
Is 36 a factor of 1805921784?
True
Does 177 divide 773793146?
False
Does 54 divide 955476?
True
Is 45 a factor of 72466740?
True
Is 8318160 a multiple of 270?
True
Is 2811 a factor of 92763000?
True
Does 17 divide 881395770?
True
Does 260 divide 260931320?
True
Is 2935048944 a multiple of 12?
True
Is 160 a factor of 23542400?
True
Is 4324439520 a multiple of 12?
True
Is 323408016 a multiple of 13?
False
Does 210 divide 30667734?
False
Is 500459480 a multiple of 10?
True
Does 215 divide 87868350?
True
Does 41 divide 833821198?
False
Is 39 a factor of 714533898?
True
Is 170 a factor of 353759630?
True
Does 135 divide 9117360?
True
Does 300 divide 965204700?
True
Does 896 divide 278058008?
False
Is 2591126661 a multiple of 32?
False
Is 1679488151 a multiple of 36?
False
Does 128 divide 77316096?
True
Is 6 a factor of 36824695?
False
Is 84 a factor of 170798572?
False
Is 294222512 a multiple of 8?
True
Is 54788120 a multiple of 37?
True
Does 241 divide 152974750?
True
Is 8 a factor of 201054744?
True
Is 746112640 a multiple of 3899?
True
Does 5 divide 7951313?
False
Does 3076 divide 195229225?
False
Is 99354690 a multiple of 6?
True
Is 2066 a factor of 35849232?
True
Is 4718378097 a multiple of 1923?
False
Is 10362402 a multiple of 6?
True
Is 546857832 a multiple of 4?
True
Is 4161204 a multiple of 18?
True
Is 149112589 a multiple of 19?
True
Does 190 divide 114773680?
True
Is 197 a factor of 83373022?
False
Is 69 a factor of 90422706?
True
Is 307647998 a multiple of 12?
False
Is 42036399 a multiple of 54?
False
Is 187141678 a multiple of 193?
True
Is 23 a factor of 1075558292?
True
Does 59 divide 628784417?
True
Is 7239610 a multiple of 5?
True
Is 401 a factor of 1602103861?
False
Is 28 a factor of 436375167?
False
Is 71623552 a multiple of 86?
True
Is 34 a factor of 264513506?
True
Is 1148 a factor of 1559848444?
True
Is 190 a factor of 179583060?
True
Does 48 divide 14048112?
True
Is 5 a factor of 20802060?
True
Is 1760 a factor of 70857600?
True
Is 3644880003 a multiple of 6839?
False
Is 2469868404 a multiple of 1129?
False
Is 4890325 a multiple of 11?
True
Does 515 divide 80574840?
True
Does 86 divide 3541627?
False
Is 60 a factor of 111601440?
True
Does 139 divide 309937440?
False
Is 448424964 a multiple of 52?
True
Is 139 a factor of 719464?
True
Does 26 divide 966138316?
True
Does 297 divide 746742348?
True
Is 371986580 a multiple of 1422?
False
Does 8 divide 75055896?
True
Is 430917874 a multiple of 1174?
True
Is 315 a factor of 224560980?
True
Is 317411976 a multiple of 27?
False
Is 1830 a factor of 857605710?
True
Does 238 divide 13178060?
True
Does 3 divide 1204054?
False
Is 302225839 a multiple of 3058?
False
Does 60 divide 320107775?
False
Does 11 divide 49118157?
True
Is 246 a factor of 13592976?
True
Is 31155488 a multiple of 1456?
True
Is 26582206 a multiple of 518?
True
Does 73 divide 11063198?
False
Is 802 a factor of 31921204?
True
Is 1534587552 a multiple of 16?
True
Is 1062 a factor of 2497593582?
False
Is 328 a factor of 727380344?
True
Is 254547781 a multiple of 10?
False
Is 791761974 a multiple of 3916?
False
Is 4851115360 a multiple of 29?
True
Does 90 divide 22200036?
False
Is 949 a factor of 821477176?
True
Is 1028308580 a multiple of 65?
True
Is 11 a factor of 158440809?
False
Is 1327 a factor of 23606467?
False
Does 26 divide 1114669985?
False
Does 339 divide 228424532?
False
Is 71 a factor of 1102567974?
False
Does 85 divide 17021930?
True
Is 3545 a factor of 1680118?
False
Is 264 a factor of 67366392?
False
Does 82 divide 1042124778?
False
Is 1548 a factor of 14651820?
True
Is 55 a factor of 438284880?
True
Is 57235706 a multiple of 22?
True
Is 487352736 a multiple of 150?
False
Is 271065804 a multiple of 68?
False
Is 23119694 a multiple of 323?
True
Is 69837070 a multiple of 122?
True
Is 6 a factor of 220869999?
False
Is 172 a factor of 441135624?
True
Is 408 a factor of 57802584?
True
Is 142499467 a multiple of 363?
False
Is 2 a factor of 6311726?
True
Is 25 a factor of 22589179?
False
Is 6961485057 a multiple of 17?
True
Does 17 divide 343303848?
True
Is 344995926 a multiple of 17?
True
Is 24 a factor of 344053032?
True
Is 1267 a factor of 61394298?
False
Is 899 a factor of 222779392?
True
Is 122271758 a multiple of 49?
True
Does 18 divide 181514861?
False
Is 10330240 a multiple of 32?
True
Is 2246861851 a multiple of 13?
True
Is 71587990 a multiple of 310?
True
Does 22 divide 13988368?
False
Is 2946 a factor of 77170470?
True
Is 531968840 a multiple of 46?
True
Is 33486670 a multiple of 1603?
True
Does 561 divide 27881139?
True
Is 18946840 a multiple of 34?
True
Is 7 a factor of 26559356?
False
Does 6 divide 137486448?
True
Does 79 divide 17793759?
False
Is 712478571 a multiple of 7?
True
Is 316188100 a multiple of 72?
False
Is 3311834429 a multiple of 10?
False
Is 5993 a factor of 1913484506?
False
Is 60289568 a multiple of 209?
False
Is 40154950 a multiple of 4?
False
Is 899948208 a multiple of 854?
False
Is 186 a factor of 289478310?
True
Is 75 a factor of 458785575?
True
Is 1786951271 a multiple of 28?
False
Does 186 divide 2515138128?
True
Does 14 divide 2751455612?
False
Is 12206 a factor of 3160791302?
False
Is 8318626 a multiple of 42?
False
Is 681 a factor of 44157402?
True
Does 19 divide 541715745?
True
Does 271 divide 133152327?
True
Is 45 a factor of 16401285?
True
Is 25 a factor of 1009647625?
True
Is 7068 a factor of 2023151388?
True
Does 2303 divide 88935880?
False
Does 503 divide 30108980?
False
Is 814 a factor of 100163384?
False
Is 9 a factor of 392984109?
True
Is 2871 a factor of 593688348?
True
Is 1938323248 a multiple of 9890?
False
Does 538 divide 33127219?
False
Is 95 a factor of 958052770?
True
Is 124703824 a multiple of 5864?
True
Is 275213921 a multiple of 11?
False
Does 615 divide 412015560?
True
Is 1347758504 a multiple of 17?
True
Is 28896810 a multiple of 15?
True
Is 15 a factor of 14412757?
False
Is 1249724970 a multiple of 135?
True
Is 1052 a factor of 1148524481?
False
Does 2468 divide 221137736?
True
Is 1319883900 a multiple of 93?
True
Is 1262 a factor of 9816672?
False
Is 627161489 a multiple of 1053?
False
Is 42359265 a multiple of 703?
True
Is 6 a factor of 1457357147?
False
Does 50 divide 16685816?
False
Is 139301616 a multiple of 8004?
True
Is 13996480 a multiple of 64?
True
Is 1086 a factor of 2437600848?
True
Does 18 divide 347564664?
True
Does 2870 divide 723251480?
True
Does 181 divide 989002948?
False
Is 4385872 a multiple of 9?
False
Does 119 divide 9583705?
False
Does 16 divide 60759920?
True
Is 2493 a factor of 1872796393?
False
Does 508 divide 46922925?
False
Does 75 divide 68266950?
True
Does 1798 divide 23643700?
True
Is 23147582 a multiple of 81?
False
Is 34433495 a multiple of 14?
False
Does 24 divide 253477055?
False
Is 81689879 a multiple of 2376?
False
Is 89468714 a multiple of 940?
False
Is 1612 a factor of 40511698?
False
Does 360 divide 54410652?
False
Is 31 a factor of 22237209?
False
Does 5 divide 80528250?
True
Does 2841 divide 79033779?
True
Is 19770675 a multiple of 168?
False
Is 16987265 a multiple of 246?
False
Does 58 divide 936570776?
True
Is 344 a factor of 2096985472?
True
Does 5 divide 6617015?
True
Does 90 divide 66242942?
False
Is 51047654 a multiple of 7?
True
Is 9 a factor of 583265070?
True
Is 19 a factor of 311830888?
True
Is 807177294 a multiple of 1078?
True
Is 19973420 a multiple of 10?
True
Does 1506 divide 11941074?
True
Does 34 divide 1847172504?
False
Is 763 a factor of 984041